e the third derivative of 0 + 1/10*i**5 + p*i**6 - 1/24*i**4 + 1/6*i**3 + 0*i + 2*i**2. Determine c(-6).
7
Let l = -755 + 749. Let g(a) = 4*a + 26. Calculate g(l).
2
Suppose 5*l - 17 = 3. Let w(r) be the first derivative of r**4/4 - 5*r**3/3 + 2*r**2 - 6*r + 48. What is w(l)?
-6
Let p(o) = 2*o + 53. Let h = -812 - -788. Calculate p(h).
5
Suppose -3*y - 2*y = 0. Suppose y*c = 4*c - 16. Let s(n) = 2 - 3*n - c + 1 + 5*n. What is s(2)?
3
Let u = 266 - 268. Let z(v) = -v**2 - 2. Determine z(u).
-6
Suppose -3*m = -0*m. Let v(c) = 3*c - 5. Let n(i) = -i - 7. Let l(k) = 2*n(k) + v(k). Give l(m).
-19
Let c be 0/2 - (-5)/(20/16). Let t(q) = -q**3 + 0 - 7*q + 1 - c*q + 14*q. What is t(-2)?
3
Let q(d) = d**2 + 7*d + 3. Let b be ((-18)/(-6))/(3/1). Let n be b + (-7 - 0) - -1. Determine q(n).
-7
Let w(y) be the third derivative of -y**5/60 - 5*y**3/6 - 28*y**2 - 1. What is w(2)?
-9
Let l(m) be the first derivative of -17 - 3/2*m**2 + 1/3*m**3 - 2*m. Suppose 2*r + c = 0, -r + 3*c - 20 = 3*r. Give l(r).
8
Let h = -114 + 121. Let p(u) = 3*u - 11. Determine p(h).
10
Let m(b) = b**3 + 11*b**2 - 11*b + 10. Let t be m(-12). Let f be (-51)/(-6) - t/4. Let n(x) = -f*x**2 + 3*x**2 - 2*x + 4*x**2 - 1 + x**3. Calculate n(3).
2
Let p(a) = -9*a + 6. Suppose 35*b = 23*b - 72. Give p(b).
60
Let u(g) = 7*g + 1. Let f be u(-1). Let n be (-2)/(-4) + 54/12. Let r(i) = n*i - 11*i + 6 + 0*i**2 - i**2. Give r(f).
6
Let j(r) be the second derivative of r**7/2520 + 11*r**6/720 + 7*r**5/120 - 29*r**4/12 + 19*r. Let k(y) be the third derivative of j(y). What is k(-6)?
-23
Suppose f - 4 = 2. Suppose -f*d + 2*s + 20 = -d, -4*d - 3*s = -16. Let g(m) = 14 - 4 - 11 + 5*m + 23*m**2 - 25*m**2 + m. Give g(d).
-9
Let d(t) = -2*t**3 - 2*t**2 + 9*t - 6. Let r(p) = 3*p**3 + p**2 - 10*p + 7. Let a(m) = -4*d(m) - 3*r(m). Calculate a(4).
-5
Let g(p) = -4*p - 2. Let b be g(-2). Let k = -13 + 19. Let w(y) = -3*y**3 + 1 - 2*y**2 + b*y**3 + k*y**2 - 4*y - 2*y**3. What is w(-5)?
-4
Let d(l) = 2*l - 15. Let j be d(7). Let u be 4/(16/4)*j. Let t(h) = 7*h**3 - 2*h**2 - 2*h - 1. Determine t(u).
-8
Let m(s) = -3*s**2 + 12 + 11900*s + s**2 - 11883*s. Give m(9).
3
Suppose -3*r + 4*c = 130, -2*r = 2*r - 3*c + 178. Let q = -42 - r. Let u(p) = -p**2 + p + 5. Give u(q).
-7
Let l(v) = -v**3 - 7*v**2 + 8*v + 1. Let h(q) be the third derivative of -q**4/8 - 5*q**3/6 + 8*q**2. Let a be h(-4). Suppose 0 = -a*t - 0*t - 56. What is l(t)?
1
Let f(h) = 12*h**2 - 18*h**2 - 6 - 9 + 7*h**2 - 11*h. Give f(12).
-3
Let b(n) = n + 5. Let a(t) = -6*t - 24. Let z(k) = 3*a(k) + 14*b(k). Give z(2).
-10
Let o(d) be the third derivative of -d**8/6720 - d**7/504 - d**6/360 - 7*d**5/120 + d**4/4 + 8*d**2. Let l(y) be the second derivative of o(y). Give l(-5).
3
Let r(k) = -9*k**2 + 7*k - 6. Let p(s) = s - 1. Let y(o) = -6*p(o) + r(o). What is y(-2)?
-38
Let c(x) = x**3 - 18*x**2 + 5*x - 11. Let y(h) = h**3 - 16*h**2 + 5*h - 9. Let a(j) = 5*c(j) - 6*y(j). Calculate a(5).
-1
Let s(o) = -o**2 + 12*o - 5. Let h be s(11). Suppose -2*r = h*b - b + 2, -4*b - 28 = -5*r. Let x(z) = -4*z + 1. What is x(b)?
9
Suppose 12*z - 4*z = 56. Suppose 35 = -2*q + z*q. Let m(v) = 2*v - 10. Determine m(q).
4
Let w = 47 - 48. Let l(j) be the first derivative of -7*j**2 - j - 17. What is l(w)?
13
Let h(a) = 1. Let z(v) = -2*v - 2. Let x(m) = -3*h(m) + z(m). Let t = 906 - 911. What is x(t)?
5
Let c(w) be the first derivative of -3*w**2 + 7*w - 27. Let x(h) = h - 2. Let r(o) = c(o) + 4*x(o). Calculate r(-3).
5
Let m(x) = x**3 - 7*x**2 - 8*x - 8. Suppose 11*p - 62 = 26. What is m(p)?
-8
Let w(k) = -7 + 2*k + 14*k - 9*k - 5*k. Calculate w(6).
5
Suppose 8*c - 10 = 7*c. Suppose 26*z - c = 21*z. Let j(s) = 0*s + 12*s**2 + 0*s - 9*s**2. Determine j(z).
12
Suppose -5 = -5*g - 5*k, -3*g - g - 2*k - 4 = 0. Let l(v) be the second derivative of 5*v - 3/2*v**2 - 2/3*v**3 + 0. Calculate l(g).
9
Let i(g) be the second derivative of 6*g + 0 + 7/6*g**3 + 0*g**2. Determine i(1).
7
Suppose 36 = 59*w - 141. Let n(p) = p**3 + 4*p**2 - 3. Give n(w).
60
Let l(m) = -3*m + 2. Let r = -4 + 5. Let f(w) = -r - 2*w + 5 - 5*w. Let u(z) = 4*f(z) - 9*l(z). Calculate u(2).
-4
Let v = -2 + 2. Let m(p) be the second derivative of p**4/12 - 11*p**2/2 - 2*p - 48. Determine m(v).
-11
Let c(i) = -i**3 + 6*i**2 + i + 2. Suppose -4*r + 2*r + 2*h + 34 = 0, 0 = h + 1. Suppose -3*p + r = n, -4*p + 11 = -n - 15. What is c(p)?
8
Let v(k) be the second derivative of k**4/12 + k**3/3 + 36*k + 1. Suppose -5*o = z - 1, -2*o + 0*z + 4*z = -18. Let i be -2 - o/((-2)/(-4)). What is v(i)?
8
Let i(h) = -16*h**2 + 14*h + 4. Let a(x) = -13*x**2 + 13*x + 3. Let p(n) = -5*a(n) + 4*i(n). Give p(4).
-19
Let u(d) be the third derivative of d**6/120 + d**5/15 + d**4/8 - d**3/3 + 14*d**2 + 5. Give u(-3).
-2
Let k(l) = -l**3 + 6*l**2 - 10*l + 4. Let q(j) = 34*j - 675. Let n be q(20). What is k(n)?
-21
Let d(n) = 10*n**2 + 19*n + 15. Let l(t) = 7*t**2 + 13*t + 10. Let g(a) = -5*d(a) + 7*l(a). Let y = 2374 - 2378. Calculate g(y).
-5
Let i be 0/(4/1 + -2). Suppose -4*n - 21 + 5 = i. Let p(y) be the first derivative of 3*y**2/2 + 3*y + 5. Calculate p(n).
-9
Let q(a) = -a + 2. Let g(t) = 2*t - 3. Let m(j) = -2*g(j) - 5*q(j). Suppose u - 62 = 4*k, -u - 21 = 4*k + 37. Let p be (-38)/(-5) + (-6)/k. Calculate m(p).
4
Suppose 0*y - 29 = 4*y - 5*j, 5*j - 5 = 0. Let r be 20/y*84/(-70). Let c(i) = 3*i + 2*i - r*i + 1 - 2*i. Calculate c(5).
-4
Let k(v) = -37*v - 9. Let h(a) = 13*a + 3. Let o(l) = -8*h(l) - 3*k(l). Give o(-2).
-11
Let w(n) = -3*n - 7. Let p(h) = 4*h**2 + h - 3. Let i be p(3). Suppose i = -u + 31. Give w(u).
8
Let f(t) = -t + 1. Let y(q) = q + 6. Let c be y(0). Let n = c + -5. Suppose -s + 2 = n. What is f(s)?
0
Let x = 1907 - 1904. Let d(z) = -5*z + 2 + 3*z**2 - z**2 + 0*z**2. What is d(x)?
5
Let v = -4 + 4. Let u(i) be the third derivative of -1/24*i**4 + 1/60*i**5 + 0 + 13/6*i**3 + 0*i + 27*i**2. Determine u(v).
13
Let j be (-14)/1 - 1 - 3. Let i be (-2 - -1)/3*j. Let g(l) = -l**2 + 5*l + 5. Give g(i).
-1
Let t = -290 - -286. Let x(o) = 7*o + 2. Calculate x(t).
-26
Let f be 19/2 + 3/(-6). Let h(d) = -3*d + 3*d**2 - 3 - 4*d**2 + 2*d**2 + f. Determine h(4).
10
Let n(d) = -d - 5. Let c(f) = 4*f + 3. Let o(q) = c(q) + 5*n(q). Let j(a) = a**2 - a. Let r be j(1). Give o(r).
-22
Let g(o) = o - 9. Let v(a) = -5*a - 7 - 12*a**2 - 3*a**3 + 3*a + 9*a**2 - 15*a**2. Let s be v(-6). What is g(s)?
-4
Let w = 2 + 0. Let m be (-15)/9 + w/3. Let r(j) = -3*j**3 + 5*j**3 + 3*j**3 - 2*j**3 + 3*j**3. Give r(m).
-6
Let l(w) = w**3 + w**2 - 4*w - 11. Let o(v) = v**3 + v**2 - 3*v - 10. Let y(n) = -4*l(n) + 5*o(n). Let k(m) = -m**2 + 64*m - 1023. Let b be k(33). What is y(b)?
-6
Suppose 0*b = -6*b + 54. Let a(r) = b - 16*r + r**2 + 0*r**2 + 7*r. Give a(9).
9
Let y(l) be the second derivative of -7*l**4/12 + 2*l. Suppose 3*n - 19 = -16. What is y(n)?
-7
Let j(a) = 12*a**2 + a + a**2 - 2*a. What is j(1)?
12
Let s(h) = -h**3 - h + 5. Let m be s(0). Let d(q) = -m*q + 5*q + q. Suppose 12*r + 6*r = 90. What is d(r)?
5
Suppose 5*f + 2*f + 21 = 0. Let o(c) = c. Let g be o(f). Let s(i) = -4*i. Determine s(g).
12
Let w(m) = 2*m**2 - 7*m + 6. Let z be w(3). Let u(n) = -n**2 - 6*n + 2. Let y be u(-5). Let s(b) = 1 + b**3 + 0*b + y*b**2 + z*b - 4*b**2. Determine s(-2).
-1
Let j(o) = o**2 - o + 17. Let m = -185 + 119. Let q = -66 - m. What is j(q)?
17
Suppose 28 = -3*n + 16. Let i(r) = -r**2 - r + 5. Give i(n).
-7
Let s(n) = n**2 - 21*n - 4. Suppose -72*t + 273 = -59*t. Calculate s(t).
-4
Let a be (-24)/10*(-30)/9. Let t(k) = -50 + 16 + 11 + 10 + k + 3. Determine t(a).
-2
Let d(x) be the third derivative of 0*x + 0 - 3*x**2 + 1/24*x**4 - 1/60*x**5 + 1/6*x**3. Let p be 30/(-9)*(-6)/5. What is d(p)?
-11
Suppose -11*v = -14*v - 27. Let q(n) = 12*n + 11. Let z(o) = -3 - 6*o + 2 - 4. Let k(b) = v*z(b) - 4*q(b). What is k(-3)?
-17
Let l(j) = 905*j**3 - 906*j**3 + 9*j**2 + 29*j - 6*j - 22. Calculate l(11).
-11
Let t(w) = w**2 + w - 1. Let y be t(-2). Let m be 1 - (81/63 + (-4)/14). Let i(v) = -1 + 3*v**3 + m*v**3 - 2*v - 8*v**3 + 3*v. Determine i(y).
-5
Let y = -724 + 721. Let d(m) = 0*m**2 - 2 - 2*m + m**2 - 2*m**2. Give d(y).
-5
Let t(q) be the first derivative of -7*q**3/3 - q - 2. Let u(y) = -y**2 + y + 29. Let w be u(-5). Give t(w).
-8
Let k(u) = -7*u - 1. Su